g) = -2*g - 5. Let l be p(-4). Suppose -l*y + 3*k = y - 43, -3*k - 15 = 0. Let m = y + 7. What is the greatest common factor of m and 126?
14
Let y = 306 + -287. Suppose -l = -r + 16, -4*r + l + 67 = -2*l. What is the greatest common divisor of r and y?
19
Suppose 3*t - q - 91 = -0*t, 5*q = 4*t - 125. What is the greatest common factor of t and 12?
6
Suppose -2*t - 58 = -4*n, -4*n - t = n - 83. Let s be n + (4 - (10 - 4)). What is the highest common factor of 7 and s?
7
Let o(m) = -m**2 + 11. Let b be o(0). Suppose 0*a - 28 = -4*a. Suppose 6*r - 4*r - 3*x = -a, 0 = 2*r + 5*x - 17. What is the highest common divisor of b and r?
1
Let u = -2 + 12. Calculate the highest common divisor of 80 and u.
10
Let a(n) = -3*n**2. Let p be a(-1). Let c be 6/((-9)/p) - -90. Suppose 0 = 5*k - c + 2. Calculate the greatest common factor of 144 and k.
18
Suppose 7*y - 4*y - 216 = 0. What is the greatest common divisor of 12 and y?
12
Suppose 0 = -h - 22 + 297. Calculate the greatest common factor of 25 and h.
25
Suppose 0 = s - 2*d - 126, -6 = 2*d - 0. Suppose t = -1 - 0, 4*f - 62 = 2*t. Calculate the greatest common divisor of f and s.
15
Let g(v) = 9*v**3 - v**2 - 2*v + 1. Let r be g(2). Let w(p) = -p**3 - p + 13. Let k be w(0). What is the highest common divisor of k and r?
13
Let k = 7 + -14. Let v = k + 18. Calculate the greatest common factor of 11 and v.
11
Let t be (1/(-2) - -1)*16. Let z be (-2)/((-6)/(-9)) + 3. Let b = z + 4. Calculate the greatest common divisor of t and b.
4
Suppose 44 = 3*h - 4*y, -5*h = -3*y - 63 - 14. Suppose 1 = s - 15. What is the highest common divisor of h and s?
16
Suppose -5*c - 97 = -2*t - 2037, 0 = -5*c - 2*t + 1960. What is the highest common divisor of 39 and c?
39
Suppose 33 = -0*f + 5*f + 4*h, 0 = f - 5*h + 5. What is the greatest common divisor of 40 and f?
5
Let o be 1 + 5 + -3 + 2. Let u(h) = h + 7. Let i(v) = v + 8. Let k(y) = -5*i(y) + 6*u(y). Let n be k(o). What is the highest common divisor of n and 56?
7
Let u be -3*(1 + 0 + -13). Suppose -4*n + 72 = -n. What is the highest common divisor of u and n?
12
Let r(d) = -d + 43. Let y be r(15). What is the greatest common divisor of 14 and y?
14
Suppose 0 = -5*g - 0*g + 105. What is the greatest common divisor of 14 and g?
7
Let x = 52 + -38. What is the greatest common factor of 7 and x?
7
Suppose 7*w = -187 + 572. What is the highest common divisor of 11 and w?
11
Let v(u) = 27*u + 11. Let c be v(2). Calculate the highest common factor of 5 and c.
5
Suppose 5*x = 2*x + 54. What is the highest common divisor of 2 and x?
2
Suppose -2*f + 6*f = 0, f = 3*n - 30. Calculate the highest common factor of 10 and n.
10
Let b(c) = 3*c + 8. Let d be b(6). Calculate the greatest common factor of d and 2.
2
Suppose 4*y = 2*q + 85 - 15, -2*y + 41 = -3*q. What is the highest common factor of 16 and y?
16
Suppose -2*a + 8 = -3*g + 4*g, 2*a = 6. Let x be 9*-6*(-1)/g. Let j be (0 - -2)/(2/3). What is the greatest common factor of j and x?
3
Let n(i) = -i + 5. Let h be n(5). Suppose -g - g + 14 = h. Suppose 4*t = -3*j + j + 214, -2*t + j + 117 = 0. Calculate the highest common factor of t and g.
7
Suppose -36 = -i + j, 4*i - 130 = j + 14. Let u be (18/(-1))/((-3)/2). Calculate the greatest common factor of u and i.
12
Suppose 2*j + 84 + 14 = 0. Let g be j/(-4) + 3/(-12). What is the greatest common divisor of g and 6?
6
Suppose -20 = -8*x + 3*x. Suppose -j - 3*j + x*h = 0, -h = 4*j - 10. Calculate the greatest common factor of j and 6.
2
Suppose -g - 3*b = -0*g - 252, 5*b = -3*g + 772. Suppose -10*s - g = -14*s. Calculate the highest common factor of 22 and s.
22
Suppose -3*t - t = -3*x + 82, -2*x + 4*t + 60 = 0. What is the highest common divisor of x and 11?
11
Suppose -12*a - 12 = -36. Calculate the greatest common factor of a and 26.
2
Suppose -2 = 5*z - 27. What is the highest common divisor of z and 2?
1
Let h(a) = 15*a. Let c be h(6). What is the greatest common divisor of c and 18?
18
Let q be (-1 - 3) + 69 + 3 + -2. What is the highest common factor of q and 462?
66
Let j = 82 - 81. What is the highest common divisor of j and 9?
1
Let a(p) = -p + 1. Let h be a(-4). Let j be 3/6*2*h. Calculate the highest common factor of 10 and j.
5
Let n = 86 - -47. What is the greatest common divisor of n and 19?
19
Suppose -2 = -b - 0. Let y be 36/6*19/3. Let p = y - b. What is the greatest common divisor of 24 and p?
12
Let g be (-1 - -6) + -4 + 3. Let x(a) = 6*a + 2. Let j be x(g). Suppose 52 = 5*y - y. What is the highest common factor of y and j?
13
Suppose -6*s + s - 3*u = 0, u = s - 8. Suppose 0 = -5*z + s*z + 24. What is the greatest common factor of z and 96?
12
Let c(s) = 39*s**2 - s + 2. Let f be c(-2). Calculate the highest common factor of f and 16.
16
Let k be (486/(-63))/((-3)/14). Suppose k = 5*b - 3*b. What is the highest common divisor of b and 6?
6
Let d(x) = 27*x**2. Let w be d(-1). Calculate the greatest common factor of w and 9.
9
Let y = 6 - 3. Suppose 0 = -n - 0 - y, 135 = 5*x - 5*n. Calculate the highest common divisor of x and 48.
24
Let a(f) = -f**2 + 4*f + 5. Let d be a(5). Suppose 2*r = 4*r - 104. Suppose -l + 2*w + r = d, 3*w + w + 44 = l. What is the highest common divisor of 15 and l?
15
Let p be 18/(-4)*-1*22. Calculate the greatest common factor of p and 11.
11
Let a(v) = 3*v**2 - 3*v - 1. Suppose 2*c - 5*y = -19, -2*c + y = -4*c + 11. Let j = 1 - c. Let k be a(j). Calculate the greatest common factor of 68 and k.
17
Let d = 6 - 4. Let n be d + (0/2)/(-2). Let t(o) = -o**3 - 7*o**2 - o - 3. Let j be t(-7). What is the highest common divisor of n and j?
2
Let s = 44 - 10. Let i be 2 + 1 + -3 + 85. Calculate the greatest common factor of i and s.
17
Suppose -2*i + 0 = -10. Suppose -12 = -g - i*a - 1, 0 = -3*a + 3. Calculate the greatest common divisor of g and 48.
6
Let m be 1/(1/(-2) + 0). Let c be -3*((m - 0) + -9). What is the greatest common divisor of c and 11?
11
Suppose 0 = -2*x + 31 + 255. Suppose -2*r = -r - x. Let o(n) = -n**3 - 4*n - 3. Let y be o(-2). Calculate the greatest common divisor of y and r.
13
Suppose 12 = 4*f - 4*n, -5*f + 11 = -3*n + 2*n. Let h be 28/6*12/(-2). Let k = f - h. Calculate the highest common divisor of 15 and k.
15
Let n be -2 + -24 + 12/(-4). Let c = n - -53. Let m = -4 - -64. What is the greatest common factor of m and c?
12
Suppose 0 = -3*c - 3*r, -3 = c - 4*r + 2. Let f(k) = -k + 19*k**2 + 23*k**2 + 2*k**2. Let s be f(c). What is the greatest common factor of s and 5?
5
Suppose 3*z + 156 = 5*n - 77, -2*z = 4*n - 182. What is the highest common divisor of n and 184?
46
Let l be 4/18 - 266/(-18). Calculate the highest common divisor of 3 and l.
3
Suppose -k + 0*k + 270 = 5*n, 4*n - 4*k = 240. Suppose 6*v = v + n. Let w(t) = 4*t**2 - 8*t - 8. Let h be w(-4). What is the greatest common factor of v and h?
11
Let r(z) = -5*z - 9. Let x be r(-12). What is the greatest common divisor of 3 and x?
3
Suppose 6*q + 1 = 7. What is the highest common divisor of q and 9?
1
Suppose -i = -v + 81, -5*v - 2*i + 184 = -214. Let q be 4/(-6)*(-318)/4. Suppose 2*j - q + 21 = 0. Calculate the highest common divisor of v and j.
16
Let t(z) = z**3 - 24*z**2 + z - 4. Let m be t(24). What is the greatest common factor of m and 8?
4
Let z = -4 - -9. Suppose 2*j - z*j = -126. Let f be (-3)/((-9)/j) - 3. Calculate the greatest common divisor of 11 and f.
11
Let q be 5/(-2) - 777/(-74). Calculate the greatest common factor of 20 and q.
4
Let n(w) = 2*w**2 + 2*w + 3. Let a be n(3). Suppose 9 = j - 9. Calculate the highest common factor of j and a.
9
Let l(x) = 6*x**2 - 3*x + 4. Let o be l(3). Let y(t) = t**2 + 3. Let b be y(0). Suppose -f + 4 = -b. What is the greatest common factor of f and o?
7
Suppose -29 - 20 = -3*m + t, -5*m + t + 85 = 0. Calculate the greatest common factor of m and 45.
9
Let u be 4/(-2) - 3*-22. Let s be (-429)/(-26) + (-2)/4. Calculate the highest common factor of u and s.
16
Let g be 4 + -5 - (-2 + 0). Let c be 106*1/2 - g. What is the highest common divisor of c and 130?
26
Suppose -797 = -10*o + 2723. Let j(b) = 6*b - 4. Let y be j(6). Calculate the highest common factor of o and y.
32
Let c(i) = -i**3 + 5*i**2 - 4*i + 5. Let z = -3 - -7. Let w be c(z). Calculate the highest common divisor of 10 and w.
5
Suppose -251